{"id":3542,"date":"2021-04-12T15:41:21","date_gmt":"2021-04-12T13:41:21","guid":{"rendered":"https:\/\/www.kayakmed.com\/kayak_med\/?page_id=3542"},"modified":"2021-04-12T16:17:03","modified_gmt":"2021-04-12T14:17:03","slug":"tours","status":"publish","type":"page","link":"https:\/\/www.kayakmed.com\/kayak_med\/tours\/","title":{"rendered":"Tours"},"content":{"rendered":"<div class=\"wpb-content-wrapper\"><p>[vc_row row_content_width=\u00a0\u00bbgrid\u00a0\u00bb disable_background_image=\u00a0\u00bb1280&Prime; content_text_aligment=\u00a0\u00bbcenter\u00a0\u00bb enable_surfer_icon=\u00a0\u00bbno\u00a0\u00bb css=\u00a0\u00bb.vc_custom_1580226429982{padding-bottom: 122px !important;}\u00a0\u00bb simple_background_image=\u00a0\u00bb844&Prime; background_image_position=\u00a0\u00bbcenter\u00a0\u00bb][vc_column css=\u00a0\u00bb.vc_custom_1615566206082{padding-top: 115px !important;}\u00a0\u00bb el_class=\u00a0\u00bbfont-size-custom\u00a0\u00bb]<div class=\"qodef-linked-images qodef-two-columns qodef-normal-space qodef-grid-masonry-list qodef-normal-space qodef-grid-list\"  data-full-height=\"yes\">\n\t\t<div class=\"qodef-masonry-list-wrapper qodef-outer-space\">\n\t\t<div class=\"qodef-masonry-grid-sizer\"><\/div>\n\t\t<div class=\"qodef-masonry-grid-gutter\"><\/div>\n\t\t\t<div class=\"qodef-linked-image-holder qodef-item-space qodef-li-text-slide\">\n\t\t<div class=\"qodef-linked-image-holder-inner\">\n\t\t\t<div class=\"qodef-linked-image-image-holder\">\n\t\t\t\t\t\t\t\t\t<a href=\"https:\/\/www.kayakmed.com\/kayak_med\/incontournables-2\/\" target=\"_self\">\n\t\t\t\t\t\t\t\t\t<div class=\"qodef-linked-image-image\">\n                        <img loading=\"lazy\" decoding=\"async\" width=\"800\" height=\"1000\" src=\"https:\/\/www.kayakmed.com\/kayak_med\/wp-content\/uploads\/2021\/03\/btn-incontournable.jpg\" class=\"attachment-full size-full\" alt=\"\" srcset=\"https:\/\/www.kayakmed.com\/kayak_med\/wp-content\/uploads\/2021\/03\/btn-incontournable.jpg 800w, https:\/\/www.kayakmed.com\/kayak_med\/wp-content\/uploads\/2021\/03\/btn-incontournable-240x300.jpg 240w, https:\/\/www.kayakmed.com\/kayak_med\/wp-content\/uploads\/2021\/03\/btn-incontournable-768x960.jpg 768w\" sizes=\"auto, (max-width: 800px) 100vw, 800px\" \/>                    <\/div>\n\n\t\t\t\t\t<div class=\"qodef-linked-image-description-wrapper\">\n\t\t\t\t\t\t\t\t\t\t\t\t\t<div class=\"qodef-linked-image-description-inner\">\n                                \t\t\t\t\t\t\t\t<div class=\"qodef-linked-image-description\">\n                                                                            <h2 class=\"qodef-linked-image-title\">\n                                            Must see                                        <\/h2>\n                                                                        \t\t\t\t\t\t\t\t\t                                    <div class=\"qodef-linked-image-cover\"><\/div>\n\t\t\t\t\t\t\t\t<\/div>\n\t\t\t\t\t\t\t<\/div>\n\t\t\t\t\t\t\t\t\t\t\t<\/div>\n\t\t\t\t\t\t\t\t\t<\/a>\n\t\t\t\t\t\t\t<\/div>\n\t\t<\/div>\n\t<\/div>\n\t<div class=\"qodef-linked-image-holder qodef-item-space qodef-li-text-slide\">\n\t\t<div class=\"qodef-linked-image-holder-inner\">\n\t\t\t<div class=\"qodef-linked-image-image-holder\">\n\t\t\t\t\t\t\t\t\t<a href=\"https:\/\/www.kayakmed.com\/kayak_med\/groupes-scolaire\/\" target=\"_self\">\n\t\t\t\t\t\t\t\t\t<div class=\"qodef-linked-image-image\">\n                        <img loading=\"lazy\" decoding=\"async\" width=\"800\" height=\"1000\" src=\"https:\/\/www.kayakmed.com\/kayak_med\/wp-content\/uploads\/2021\/03\/btn-groupe.jpg\" class=\"attachment-full size-full\" alt=\"\" srcset=\"https:\/\/www.kayakmed.com\/kayak_med\/wp-content\/uploads\/2021\/03\/btn-groupe.jpg 800w, https:\/\/www.kayakmed.com\/kayak_med\/wp-content\/uploads\/2021\/03\/btn-groupe-240x300.jpg 240w, https:\/\/www.kayakmed.com\/kayak_med\/wp-content\/uploads\/2021\/03\/btn-groupe-768x960.jpg 768w\" sizes=\"auto, (max-width: 800px) 100vw, 800px\" \/>                    <\/div>\n\n\t\t\t\t\t<div class=\"qodef-linked-image-description-wrapper\">\n\t\t\t\t\t\t\t\t\t\t\t\t\t<div class=\"qodef-linked-image-description-inner\">\n                                \t\t\t\t\t\t\t\t<div class=\"qodef-linked-image-description\">\n                                                                            <h2 class=\"qodef-linked-image-title\">\n                                            Groups\/Schools                                        <\/h2>\n                                                                        \t\t\t\t\t\t\t\t\t                                    <div class=\"qodef-linked-image-cover\"><\/div>\n\t\t\t\t\t\t\t\t<\/div>\n\t\t\t\t\t\t\t<\/div>\n\t\t\t\t\t\t\t\t\t\t\t<\/div>\n\t\t\t\t\t\t\t\t\t<\/a>\n\t\t\t\t\t\t\t<\/div>\n\t\t<\/div>\n\t<\/div>\n<\/div><\/div>[\/vc_column][\/vc_row]<\/p>\n<\/div>","protected":false},"excerpt":{"rendered":"<p>[vc_row row_content_width=\u00a0\u00bbgrid\u00a0\u00bb disable_background_image=\u00a0\u00bb1280&Prime; content_text_aligment=\u00a0\u00bbcenter\u00a0\u00bb enable_surfer_icon=\u00a0\u00bbno\u00a0\u00bb css=\u00a0\u00bb.vc_custom_1580226429982{padding-bottom: 122px !important;}\u00a0\u00bb simple_background_image=\u00a0\u00bb844&Prime; background_image_position=\u00a0\u00bbcenter\u00a0\u00bb][vc_column css=\u00a0\u00bb.vc_custom_1615566206082{padding-top: 115px !important;}\u00a0\u00bb el_class=\u00a0\u00bbfont-size-custom\u00a0\u00bb][\/vc_column][\/vc_row]<\/p>\n","protected":false},"author":1,"featured_media":0,"parent":0,"menu_order":0,"comment_status":"closed","ping_status":"closed","template":"full-width.php","meta":{"footnotes":""},"class_list":["post-3542","page","type-page","status-publish","hentry"],"yoast_head":"<!-- This site is optimized with the Yoast SEO plugin v27.3 - https:\/\/yoast.com\/product\/yoast-seo-wordpress\/ -->\n<title>Balades guid\u00e9es \u00e0 S\u00e8te et ses alentours - Kayakmed<\/title>\n<meta name=\"description\" content=\"Vous souhaitez d\u00e9couvrir S\u00e8te par l&#039;\u00e9tang et ses canaux ? Nos balades guid\u00e9es en Kayak vous emm\u00e8neront dans des lieux magnifiques, \u00e0 la d\u00e9couverte de l&#039;\u00eele singuli\u00e8re.\" \/>\n<meta name=\"robots\" content=\"index, follow, max-snippet:-1, max-image-preview:large, max-video-preview:-1\" \/>\n<link rel=\"canonical\" href=\"https:\/\/www.kayakmed.com\/kayak_med\/tours\/\" \/>\n<meta property=\"og:locale\" content=\"fr_FR\" \/>\n<meta property=\"og:type\" content=\"article\" \/>\n<meta property=\"og:title\" content=\"Balades guid\u00e9es \u00e0 S\u00e8te et ses alentours - Kayakmed\" \/>\n<meta property=\"og:description\" content=\"Vous souhaitez d\u00e9couvrir S\u00e8te par l&#039;\u00e9tang et ses canaux ? Nos balades guid\u00e9es en Kayak vous emm\u00e8neront dans des lieux magnifiques, \u00e0 la d\u00e9couverte de l&#039;\u00eele singuli\u00e8re.\" \/>\n<meta property=\"og:url\" content=\"https:\/\/www.kayakmed.com\/kayak_med\/tours\/\" \/>\n<meta property=\"og:site_name\" content=\"Kayakmed\" \/>\n<meta property=\"article:modified_time\" content=\"2021-04-12T14:17:03+00:00\" \/>\n<meta name=\"twitter:card\" content=\"summary_large_image\" \/>\n<script type=\"application\/ld+json\" class=\"yoast-schema-graph\">{\"@context\":\"https:\\\/\\\/schema.org\",\"@graph\":[{\"@type\":\"WebPage\",\"@id\":\"https:\\\/\\\/www.kayakmed.com\\\/kayak_med\\\/tours\\\/\",\"url\":\"https:\\\/\\\/www.kayakmed.com\\\/kayak_med\\\/tours\\\/\",\"name\":\"Balades guid\u00e9es \u00e0 S\u00e8te et ses alentours - Kayakmed\",\"isPartOf\":{\"@id\":\"https:\\\/\\\/www.kayakmed.com\\\/kayak_med\\\/#website\"},\"datePublished\":\"2021-04-12T13:41:21+00:00\",\"dateModified\":\"2021-04-12T14:17:03+00:00\",\"description\":\"Vous souhaitez d\u00e9couvrir S\u00e8te par l'\u00e9tang et ses canaux ? Nos balades guid\u00e9es en Kayak vous emm\u00e8neront dans des lieux magnifiques, \u00e0 la d\u00e9couverte de l'\u00eele singuli\u00e8re.\",\"breadcrumb\":{\"@id\":\"https:\\\/\\\/www.kayakmed.com\\\/kayak_med\\\/tours\\\/#breadcrumb\"},\"inLanguage\":\"fr-FR\",\"potentialAction\":[{\"@type\":\"ReadAction\",\"target\":[\"https:\\\/\\\/www.kayakmed.com\\\/kayak_med\\\/tours\\\/\"]}]},{\"@type\":\"BreadcrumbList\",\"@id\":\"https:\\\/\\\/www.kayakmed.com\\\/kayak_med\\\/tours\\\/#breadcrumb\",\"itemListElement\":[{\"@type\":\"ListItem\",\"position\":1,\"name\":\"Accueil\",\"item\":\"https:\\\/\\\/www.kayakmed.com\\\/kayak_med\\\/fr\\\/surfing-home\\\/\"},{\"@type\":\"ListItem\",\"position\":2,\"name\":\"Tours\"}]},{\"@type\":\"WebSite\",\"@id\":\"https:\\\/\\\/www.kayakmed.com\\\/kayak_med\\\/#website\",\"url\":\"https:\\\/\\\/www.kayakmed.com\\\/kayak_med\\\/\",\"name\":\"Kayakmed\",\"description\":\"R\u00e9servation mat\u00e9riel nautique et balades guid\u00e9es en mer et sur la lagune !\",\"publisher\":{\"@id\":\"https:\\\/\\\/www.kayakmed.com\\\/kayak_med\\\/#organization\"},\"potentialAction\":[{\"@type\":\"SearchAction\",\"target\":{\"@type\":\"EntryPoint\",\"urlTemplate\":\"https:\\\/\\\/www.kayakmed.com\\\/kayak_med\\\/?s={search_term_string}\"},\"query-input\":{\"@type\":\"PropertyValueSpecification\",\"valueRequired\":true,\"valueName\":\"search_term_string\"}}],\"inLanguage\":\"fr-FR\"},{\"@type\":\"Organization\",\"@id\":\"https:\\\/\\\/www.kayakmed.com\\\/kayak_med\\\/#organization\",\"name\":\"KayakMed\",\"url\":\"https:\\\/\\\/www.kayakmed.com\\\/kayak_med\\\/\",\"logo\":{\"@type\":\"ImageObject\",\"inLanguage\":\"fr-FR\",\"@id\":\"https:\\\/\\\/www.kayakmed.com\\\/kayak_med\\\/#\\\/schema\\\/logo\\\/image\\\/\",\"url\":\"https:\\\/\\\/www.kayakmed.com\\\/kayak_med\\\/wp-content\\\/uploads\\\/2021\\\/03\\\/logo-kayak-med-bleu-1.png\",\"contentUrl\":\"https:\\\/\\\/www.kayakmed.com\\\/kayak_med\\\/wp-content\\\/uploads\\\/2021\\\/03\\\/logo-kayak-med-bleu-1.png\",\"width\":754,\"height\":459,\"caption\":\"KayakMed\"},\"image\":{\"@id\":\"https:\\\/\\\/www.kayakmed.com\\\/kayak_med\\\/#\\\/schema\\\/logo\\\/image\\\/\"}}]}<\/script>\n<!-- \/ Yoast SEO plugin. -->","yoast_head_json":{"title":"Balades guid\u00e9es \u00e0 S\u00e8te et ses alentours - Kayakmed","description":"Vous souhaitez d\u00e9couvrir S\u00e8te par l'\u00e9tang et ses canaux ? Nos balades guid\u00e9es en Kayak vous emm\u00e8neront dans des lieux magnifiques, \u00e0 la d\u00e9couverte de l'\u00eele singuli\u00e8re.","robots":{"index":"index","follow":"follow","max-snippet":"max-snippet:-1","max-image-preview":"max-image-preview:large","max-video-preview":"max-video-preview:-1"},"canonical":"https:\/\/www.kayakmed.com\/kayak_med\/tours\/","og_locale":"fr_FR","og_type":"article","og_title":"Balades guid\u00e9es \u00e0 S\u00e8te et ses alentours - Kayakmed","og_description":"Vous souhaitez d\u00e9couvrir S\u00e8te par l'\u00e9tang et ses canaux ? Nos balades guid\u00e9es en Kayak vous emm\u00e8neront dans des lieux magnifiques, \u00e0 la d\u00e9couverte de l'\u00eele singuli\u00e8re.","og_url":"https:\/\/www.kayakmed.com\/kayak_med\/tours\/","og_site_name":"Kayakmed","article_modified_time":"2021-04-12T14:17:03+00:00","twitter_card":"summary_large_image","schema":{"@context":"https:\/\/schema.org","@graph":[{"@type":"WebPage","@id":"https:\/\/www.kayakmed.com\/kayak_med\/tours\/","url":"https:\/\/www.kayakmed.com\/kayak_med\/tours\/","name":"Balades guid\u00e9es \u00e0 S\u00e8te et ses alentours - Kayakmed","isPartOf":{"@id":"https:\/\/www.kayakmed.com\/kayak_med\/#website"},"datePublished":"2021-04-12T13:41:21+00:00","dateModified":"2021-04-12T14:17:03+00:00","description":"Vous souhaitez d\u00e9couvrir S\u00e8te par l'\u00e9tang et ses canaux ? Nos balades guid\u00e9es en Kayak vous emm\u00e8neront dans des lieux magnifiques, \u00e0 la d\u00e9couverte de l'\u00eele singuli\u00e8re.","breadcrumb":{"@id":"https:\/\/www.kayakmed.com\/kayak_med\/tours\/#breadcrumb"},"inLanguage":"fr-FR","potentialAction":[{"@type":"ReadAction","target":["https:\/\/www.kayakmed.com\/kayak_med\/tours\/"]}]},{"@type":"BreadcrumbList","@id":"https:\/\/www.kayakmed.com\/kayak_med\/tours\/#breadcrumb","itemListElement":[{"@type":"ListItem","position":1,"name":"Accueil","item":"https:\/\/www.kayakmed.com\/kayak_med\/fr\/surfing-home\/"},{"@type":"ListItem","position":2,"name":"Tours"}]},{"@type":"WebSite","@id":"https:\/\/www.kayakmed.com\/kayak_med\/#website","url":"https:\/\/www.kayakmed.com\/kayak_med\/","name":"Kayakmed","description":"R\u00e9servation mat\u00e9riel nautique et balades guid\u00e9es en mer et sur la lagune !","publisher":{"@id":"https:\/\/www.kayakmed.com\/kayak_med\/#organization"},"potentialAction":[{"@type":"SearchAction","target":{"@type":"EntryPoint","urlTemplate":"https:\/\/www.kayakmed.com\/kayak_med\/?s={search_term_string}"},"query-input":{"@type":"PropertyValueSpecification","valueRequired":true,"valueName":"search_term_string"}}],"inLanguage":"fr-FR"},{"@type":"Organization","@id":"https:\/\/www.kayakmed.com\/kayak_med\/#organization","name":"KayakMed","url":"https:\/\/www.kayakmed.com\/kayak_med\/","logo":{"@type":"ImageObject","inLanguage":"fr-FR","@id":"https:\/\/www.kayakmed.com\/kayak_med\/#\/schema\/logo\/image\/","url":"https:\/\/www.kayakmed.com\/kayak_med\/wp-content\/uploads\/2021\/03\/logo-kayak-med-bleu-1.png","contentUrl":"https:\/\/www.kayakmed.com\/kayak_med\/wp-content\/uploads\/2021\/03\/logo-kayak-med-bleu-1.png","width":754,"height":459,"caption":"KayakMed"},"image":{"@id":"https:\/\/www.kayakmed.com\/kayak_med\/#\/schema\/logo\/image\/"}}]}},"_links":{"self":[{"href":"https:\/\/www.kayakmed.com\/kayak_med\/wp-json\/wp\/v2\/pages\/3542","targetHints":{"allow":["GET"]}}],"collection":[{"href":"https:\/\/www.kayakmed.com\/kayak_med\/wp-json\/wp\/v2\/pages"}],"about":[{"href":"https:\/\/www.kayakmed.com\/kayak_med\/wp-json\/wp\/v2\/types\/page"}],"author":[{"embeddable":true,"href":"https:\/\/www.kayakmed.com\/kayak_med\/wp-json\/wp\/v2\/users\/1"}],"replies":[{"embeddable":true,"href":"https:\/\/www.kayakmed.com\/kayak_med\/wp-json\/wp\/v2\/comments?post=3542"}],"version-history":[{"count":4,"href":"https:\/\/www.kayakmed.com\/kayak_med\/wp-json\/wp\/v2\/pages\/3542\/revisions"}],"predecessor-version":[{"id":3578,"href":"https:\/\/www.kayakmed.com\/kayak_med\/wp-json\/wp\/v2\/pages\/3542\/revisions\/3578"}],"wp:attachment":[{"href":"https:\/\/www.kayakmed.com\/kayak_med\/wp-json\/wp\/v2\/media?parent=3542"}],"curies":[{"name":"wp","href":"https:\/\/api.w.org\/{rel}","templated":true}]}}